 5
201
What is -6 (base 9) in base 11?
-6
What is 1 (base 16) in base 8?
1
Convert 254 (base 11) to base 8.
455
122 (base 10) to base 13
95
Convert 11 (base 7) to base 11.
8
Convert -4 (base 10) to base 16.
-4
-38 (base 12) to base 11
-40
What is -178 (base 11) in base 3?
-21122
5 (base 7) to base 11
5
What is -19 (base 16) in base 8?
-31
-a (base 12) to base 6
-14
What is 1 (base 8) in base 10?
1
Convert -11 (base 12) to base 11.
-12
-102 (base 4) to base 11
-17
Convert -8 (base 16) to base 11.
-8
Convert 74 (base 11) to base 5.
311
Convert 4 (base 15) to base 2.
100
What is -9 (base 14) in base 10?
-9
-50 (base 12) to base 8
-74
What is 27 (base 10) in base 6?
43
444 (base 6) to base 15
b7
Convert 4 (base 13) to base 16.
4
3e (base 16) to base 6
142
Convert -3 (base 5) to base 10.
-3
-10 (base 3) to base 14
-3
341 (base 6) to base 3
11221
What is 11 (base 16) in base 4?
101
Convert 0 (base 12) to base 13.
0
Convert -1 (base 12) to base 15.
-1
Convert 114 (base 6) to base 4.
232
What is 1b (base 13) in base 2?
11000
Convert 21 (base 4) to base 11.
9
Convert -9 (base 12) to base 2.
-1001
What is a (base 13) in base 10?
10
What is -30 (base 11) in base 15?
-23
What is -6d (base 15) in base 11?
-94
What is -15b (base 13) in base 11?
-203
What is 2 (base 7) in base 6?
2
Convert -10 (base 14) to base 16.
-e
Convert -11 (base 11) to base 16.
-c
Convert -1a (base 11) to base 9.
-23
-3 (base 14) to base 6
-3
Convert 1110 (base 2) to base 14.
10
Convert 31 (base 5) to base 11.
15
What is -262 (base 9) in base 12?
-162
Convert 22 (base 8) to base 16.
12
10010111 (base 2) to base 10
151
What is -103 (base 4) in base 2?
-10011
Convert 0 (base 4) to base 13.
0
-3 (base 8) to base 2
-11
-b (base 15) to base 8
-13
-10 (base 10) to base 6
-14
What is 3 (base 14) in base 15?
3
1 (base 8) to base 10
1
What is 0 (base 16) in base 9?
0
What is -25 (base 14) in base 10?
-33
Convert -1 (base 14) to base 2.
-1
What is 2 (base 3) in base 13?
2
What is 1 (base 6) in base 15?
1
Convert -1 (base 8) to base 10.
-1
What is 8 (base 14) in base 11?
8
Convert -2 (base 8) to base 16.
-2
What is -2 (base 11) in base 16?
-2
-101011010 (base 2) to base 8
-532
Convert a (base 16) to base 9.
11
1b (base 12) to base 14
19
What is 1 (base 7) in base 9?
1
What is -11202 (base 4) in base 6?
-1350
What is -2 (base 3) in base 8?
-2
71 (base 8) to base 15
3c
Convert 55 (base 10) to base 8.
67
33 (base 13) to base 2
101010
What is 301 (base 4) in base 15?
34
What is -14 (base 9) in base 12?
-11
Convert -7 (base 16) to base 3.
-21
1 (base 16) to base 14
1
Convert -40 (base 9) to base 11.
-33
Convert 1044 (base 6) to base 16.
f4
Convert d8 (base 15) to base 16.
cb
Convert 32 (base 5) to base 15.
12
Convert 117 (base 8) to base 4.
1033
What is 24 (base 7) in base 2?
10010
What is -11 (base 2) in base 16?
-3
What is -43 (base 11) in base 8?
-57
-101 (base 11) to base 4
-1322
Convert b (base 14) to base 16.
b
What is 5 (base 9) in base 12?
5
What is 35 (base 8) in base 14?
21
Convert -164 (base 7) to base 9.
-115
What is 10101 (base 2) in base 16?
15
Convert 4 (base 14) to base 2.
100
Convert 4 (base 14) to base 15.
4
Convert 3 (base 12) to base 3.
10
What is -39 (base 14) in base 5?
-201
Convert 1c (base 13) to base 16.
19
What is -111 (base 8) in base 14?
-53
What is 100 (base 8) in base 14?
48
0 (base 13) to base 11
0
Convert 122 (base 5) to base 12.
31
What is 20 (base 10) in base 14?
16
Convert -3203 (base 4) to base 2.
-11100011
What is -1c (base 13) in base 3?
-221
What is 2 (base 14) in base 16?
2
Convert 104 (base 5) to base 7.
41
What is 77 (base 10) in base 8?
115
Convert 4 (base 11) to base 14.
4
-1000110 (base 2) to base 6
-154
Convert 5 (base 7) to base 11.
5
What is -11 (base 2) in base 14?
-3
Convert 202 (base 6) to base 14.
54
28 (base 13) to base 7
46
Convert d (base 16) to base 13.
10
2 (base 10) to base 3
2
-2 (base 12) to base 14
-2
What is 3 (base 5) in base 7?
3
Convert -331 (base 6) to base 9.
-151
What is -1 (base 5) in base 11?
-1
-23 (base 14) to base 11
-29
Convert -20 (base 3) to base 10.
-6
What is 3 (base 5) in base 12?
3
60 (base 7) to base 14
30
Convert 45 (base 7) to base 15.
23
Convert 30 (base 5) to base 15.
10
What is -1204 (base 5) in base 2?
-10110011
Convert -2 (base 11) to base 2.
-10
What is -3 (base 4) in base 10?
-3
10 (base 3) to base 4
3
What is 1 (base 5) in base 16?
1
-3 (base 12) to base 16
-3
What is 40 (base 5) in base 7?
26
Convert 1 (base 11) to base 3.
1
What is 100 (base 3) in base 5?
14
-10011011 (base 2) to base 5
-1110
What is 0 (base 10) in base 14?
0
67 (base 11) to base 6
201
What is 3 (base 7) in base 16?
3
What is 10101 (base 2) in base 5?
41
2 (base 6) to base 11
2
Convert 53 (base 13) to base 5.
233
32 (base 11) to base 3
1022
What is -11 (base 10) in base 9?
-12
2 (base 7) to base 13
2
1101 (base 2) to base 4
31
Convert 11 (base 2) to base 8.
3
-31 (base 6) to base 8
-23
Convert -2 (base 12) to base 2.
-10
25 (base 9) to base 15
18
Convert -150 (base 7) to base 6.
-220
-1b (base 16) to base 9
-30
What is 0 (base 3) in base 12?
0
Convert 11202 (base 3) to base 8.
200
Convert -2 (base 6) to base 11.
-2
1101 (base 2) to base 16
d
What is 1 (base 8) in base 16?
1
Convert 13 (base 5) to base 16.
8
10010101 (base 2) to base 9
175
What is 0 (base 15) in base 3?
0
What is 120 (base 3) in base 13?
12
Convert 1 (base 11) to base 10.
1
8 (base 9) to base 6
12
Convert 1b7 (base 13) to base 15.
164
-128 (base 9) to base 5
-412
-456 (base 8) to base 4
-10232
206 (base 9) to base 8
250
Convert 6 (base 10) to base 7.
6
13 (base 14) to base 4
101
-3 (base 10) to base 12
-3
What is 27 (base 11) in base 10?
29
-7e (base 16) to base 2
-1111110
What is -1112 (base 4) in base 6?
-222
-35 (base 11) to base 12
-32
What is 400 (base 5) in base 14?
72
-55 (base 6) to base 4
-203
What is 5 (base 9) in base 2?
101
15 (base 7) to base 9
13
Convert 14 (base 14) to base 6.
30
What is -71 (base 11) in base 3?
-2220
What is 5 (base 14) in base 16?
5
What is 28 (base 9) in base 7?
35
170 (base 10) to base 12
122
What is -7 (base 14) in base 7?
-10
Convert 30 (base 11) to base 9.
36
-129 (base 12) to base 13
-108
What is -44 (base 10) in base 4?
-230
-1001 (base 2) to base 10
-9
What is 7 (base 10) in base 8?
7
401 (base 6) to base 5
1040
What is -6 (base 9) in base 6?
-10
What is 144 (base 13) in base 6?
1013
-1b (base 14) to base 8
-31
3 (base 16) to base 9
3
What is -12 (base 13) in base 3?
-120
What is 111 (base 3) in base 15?
d
Convert 6 (base 7) to base 14.
6
-32 (base 5) to base 13
-14
Convert -1 (base 10) to base 9.
-1
Convert 2 (base 7) to base 5.
2
Convert -244 (base 5) to base 6.
-202
What is -5 (base 8) in base 13?
-5
What is -110011 (base 2) in base 9?
-56
What is 3 (base 10) in base 11?
3
3 (base 13) to base 2
11
What is -4e (base 15) in base 7?
-134
Convert 3 (base 4) to base 9.
3
What is 10 (base 5) in base 10?
5
3 (base 11) to base 4
3
What is 1 (base 9) in base 8?
1
-1011 (base 4) to base 2
-1000101
What is -5 (base 11) in base 8?
-5
-2 (base 12) to base 10
-2
2 (base 9) to base 6
2
3 (base 12) to base 14
3
What is c (base 15) in base 10?
12
What is 0 (base 4) in base 11?
0
-44 (base 15) to base 9
-71
Convert 90 (base 14) to base 12.
a6
Convert -20 (base 6) to base 14.
-c
Convert -10 (base 11) to base 13.
-b
12 (base 12) to base 4
32
Convert 114 (base 7) to base 8.
74
Convert -3 (base 16) to base 5.
-3
Convert -9 (base 16) to base 2.
-1001
111 (base 3) to base 9
14
Convert 4 (base 13) to base 9.
4
Convert 106 (base 9) to base 6.
223
What is 5 (base 10) in base 12?
5
0 (base 3) to base 2
0
3 (base 9) to base 14
3
-11 (base 2) to base 9
-3
1b2 (base 15) to base 9
475
0 (base 5) to base 14
0
What is 41 (base 15) in base 11?
56
-10 (base 11) to base 7
-14
Convert 3 (base 12) to base 7.
3
What is -55 (base 6) in base 10?
-35
Convert 4 (base 9) to base 16.
4
Convert -10 (base 11) to base 3.
-102
What is -4 (base 12) in base 8?
-4
What is -11 (base 5) in base 9?
-6
What is 30 (base 9) in base 5?
102
a (base 14) to base 6
14
Convert -13 (base 12) to base 3.
-120
-4 (base 13) to base 14
-4
What is 0 (base 15) in base 4?
0
What is 2b (base 15) in base 6?
105
Convert -310 (base 6) to base 14.
-82
Convert -10101 (base 4) to base 12.
-1a9
0 (base 13) t